 + 16 - 5. Let i = 12 + m. Let s(l) = 8*l**2 - 3. Is s(i) a prime number?
False
Let j = -690 + 5543. Is j composite?
True
Let u(s) = -40*s. Let m be u(6). Let y = m + 355. Is y a composite number?
True
Suppose -5*d = 5, 2*n - 9 = n + 4*d. Let a be -1 - -47 - 0*(-4)/(-12). Suppose -n*k + 281 = a. Is k a composite number?
False
Let m(o) = o - 9. Let q be m(17). Let b be ((-161)/2)/((-4)/q). Suppose -2*l - d - 4*d + b = 0, -2*l = -2*d - 168. Is l prime?
True
Suppose -5*t + 0*t - 3*o - 10 = 0, -2 = t - 3*o. Let p be 165/25 + t/(-5). Suppose -p*h + 4*h = -2949. Is h prime?
True
Is (-6)/(-4)*(-1514070)/(-135) a composite number?
False
Let p be (-6453)/(-12) - 2/(-8). Suppose -2*n = p - 194. Let k = 513 - n. Is k a prime number?
False
Let k(h) = 77*h + 4. Let u = -54 + 65. Is k(u) prime?
False
Let x be 4*3/((-3)/(-2)). Suppose -t + n + 171 = 0, -4*t - 3*n - 471 = -1183. Suppose -t = -x*g + 3*g. Is g a prime number?
False
Is (-10)/(-20)*(12684 + 2) composite?
False
Is 14096/10 - (336/(-40) - -9) a composite number?
False
Let j(b) be the third derivative of -b**6/120 + 19*b**5/60 + 11*b**4/24 + 7*b**3/3 + 20*b**2. Is j(19) a composite number?
False
Is 15528/18 - -3*(-3)/(-27) prime?
True
Let b(u) = -u**3 - 2*u**2 - u - 2. Let f be b(-3). Let v(d) = 2*d**2 + 65*d + 35. Let t be v(-32). Suppose 5*o = -f, -3*o + 422 = t*h - 1099. Is h composite?
False
Let f = -307 - -651. Let t(c) = -c**3 - 8*c**2 - 10*c + 16. Let n be t(-6). Suppose 170 = -0*p + 2*p - 2*v, -2*v = -n*p + f. Is p composite?
True
Let c(h) = -2*h**2 + 12*h - 2. Let r be c(6). Is (-14931)/(-9) - 4/r a prime number?
False
Suppose 5*u - 3*r + 15 = 41, -4*r = u + 4. Suppose 0 = -4*x + u, 3*a - x = 1664 + 732. Is a composite?
True
Let z = 96 - 96. Suppose -5*v + 1909 = -w, -3*v + 3*w - 2*w + 1145 = z. Is v a composite number?
True
Let r = 12 + 21. Suppose -4*s + r = -s. Is (s/(-22))/(2/(-652)) a composite number?
False
Let m(i) be the first derivative of i + 4. Let h(b) = -30*b + 2. Let q(l) = h(l) - 4*m(l). Is q(-2) a composite number?
True
Let b be (-2)/(-4) + 25/50. Let z = 27 - b. Is z composite?
True
Let y = -13735 - -20780. Is y composite?
True
Let r(l) = 5*l - 16. Let z be r(7). Suppose -4*n - 5 - z = 0. Is -4 - (n/(-2) - 94) a composite number?
True
Let k = -45 - -47. Let v(s) = -s + 5 - 4 + 2*s**2 + s**3 + s**3. Is v(k) prime?
True
Let p(q) be the third derivative of -q**9/560 - q**7/2520 - q**6/720 - q**5/6 + 9*q**2. Let t(x) be the third derivative of p(x). Is t(-1) prime?
True
Let t(w) be the second derivative of 409*w**4/12 + w**3/2 + 3*w**2/2 + 7*w. Is t(-1) prime?
True
Let o be (5 - 8)/(3/(-7)). Let h = o + 5. Is 2530/h + (-6)/(-36) prime?
True
Let n(i) = i**3 + 7*i**2 + 7*i + 9. Let x be n(-6). Suppose -y + 132 = 4*g - 38, -g - 536 = -x*y. Is y a composite number?
True
Let s(l) = 29*l**2 - 13*l + 10. Let n be s(7). Suppose n = 5*m - 1345. Let a = 382 + m. Is a a composite number?
False
Suppose 3*k + 256422 = 3*i, 2*i - 122179 = -5*k + 48804. Is i a composite number?
True
Let t = -8147 + 13854. Is t composite?
True
Let t be (-1928)/(-20) - 2/5. Let x(z) = 3*z - 1. Let c be x(6). Let b = c + t. Is b a prime number?
True
Suppose 3*w + 0*x - 5*x + 8 = 0, -16 = -w - 3*x. Let c be w*(-3)/12*-422. Suppose 2*z - 4*z = -c. Is z prime?
True
Let r = 1 + 1. Let z(g) = 1. Let b(h) = 5*h + 3. Let d(n) = r*z(n) - b(n). Is d(-8) composite?
True
Let o be 0*(-4)/(-12)*-3. Suppose 3*j - 4*v - 873 - 1260 = o, 2106 = 3*j + 5*v. Is j a composite number?
True
Let d be 1 + -1 - 3 - -405. Let o = 625 - d. Is o a composite number?
False
Suppose -52690 = 1518*u - 1528*u. Is u a composite number?
True
Let g = -13 - -25. Let x be (g - 6) + (-1)/1. Suppose -5*k - x*z + 1343 = -z, -10 = -5*z. Is k a composite number?
True
Let s(j) be the first derivative of -7*j**5/60 - 5*j**4/24 - 2*j**3/3 - 2. Let g(k) be the third derivative of s(k). Is g(-4) a composite number?
True
Let k be ((-2)/(-12)*4)/(2/12). Suppose -p = -5*n + 3483, 5*n - 3*p + k*p - 3487 = 0. Is n composite?
True
Let w(l) = -l**3 - 17*l**2 - 18*l - 25. Let m be w(-16). Is (-3)/3*(-1416 - m) prime?
True
Let s be 27390/21 + 10/(-35). Let g = 2467 - s. Is g a prime number?
True
Suppose 140462 = 7*m - 78687. Is m a composite number?
False
Let s(j) = 6359*j - 29. Is s(2) a composite number?
False
Let z(j) = 8*j**3 + 5*j**2 - 3*j + 1. Is z(8) prime?
False
Let r(g) = -476*g - 29. Is r(-5) prime?
True
Let x be 5/(-2) + (-64016)/(-32). Suppose -1994 = -2*q + 2*l, 6*q + 3*l = 8*q - x. Is q a composite number?
True
Is (-17)/(-68) - ((-23587)/4 + -2) prime?
False
Is (2688108/255)/(2/5) - -3 prime?
True
Is ((-35)/49 - (-4)/(-14)) + 374 prime?
True
Let n be (-9)/7 + 10/35. Is 2*n/8*-356 composite?
False
Let n(r) = -3 + 7 - 5 - 1811*r - 8. Is n(-2) composite?
False
Let l = 5 - 11. Let f = l + 8. Suppose -4*y - 442 = -2*s, 6*s - f*s - 884 = 5*y. Is s composite?
True
Suppose -2*p = 2*b + 20 + 16, -41 = 2*p + 3*b. Let j = -9 - p. Suppose -j*o + 267 = -745. Is o a prime number?
False
Suppose b + 2*i + 0*i - 17 = 0, -5*i - 115 = -5*b. Suppose a + b = 2*a. Is (-6)/(-14) - (-810)/a a composite number?
True
Suppose k = -3, 13*z + 30579 = 17*z + 3*k. Is z composite?
True
Suppose -37*y = -y - 33948. Let o be 2/(-6)*(-500 - 1). Suppose o = -4*w + y. Is w composite?
True
Let b = 816 - -2077. Suppose -2*n + 2504 - 564 = 3*l, -3*n + 4*l + b = 0. Is n a composite number?
False
Let c(g) = -g**3 + g - 76. Let u be c(0). Let a = u - -183. Let s = a + 4. Is s composite?
True
Let y(v) = -v**3 + 2*v**2 - v - 1. Let s be y(2). Let n be (-2 - s)*-3 - -29. Is n*((-116)/(-8))/1 a composite number?
True
Let u = -78467 - -120976. Is u a composite number?
False
Suppose -2*m + 3*d + 9361 = 0, 9358 = 7*m - 5*m - 4*d. Is m prime?
False
Let l = 4113 - 2140. Is l prime?
True
Suppose 4*u - 3*q - 34 = -3, 5*u - 5*q - 40 = 0. Suppose -6*o + 2*o - 8 = 0. Is 14/u*(-91)/o composite?
True
Let d(y) = 5*y**3 + 19*y**2 - 4*y + 27. Let a(k) = -k**3 - k**2 + k. Let p(g) = 4*a(g) + d(g). Is p(-14) composite?
False
Suppose 3*d + 6 = -0*d, 3*d - 14753 = -m. Is m composite?
False
Let h(j) = 31*j + 5 + 7 - 13*j. Let r be h(7). Suppose -x + 4*x - r = 0. Is x a prime number?
False
Let i be (12/8)/((-6)/(-896)). Suppose 0*n = -n + i. Let x = n + -45. Is x a composite number?
False
Let m(t) = -6*t**3 + 11*t**2 + 10*t + 36. Is m(-7) a composite number?
True
Suppose 5*n - 10230 = 5*g, -5*n = -9*n + 5*g + 8189. Is n a prime number?
False
Let s = -6 - -7. Let b be 4/(8/2) - s. Suppose 0 = 4*p - b*p - 380. Is p prime?
False
Let t = -18 - -21. Suppose 615 = t*n - 54. Is n a prime number?
True
Let i = -17 - -20. Suppose -2*m + 20 = i*m + 5*u, 2*m - 8 = 2*u. Suppose 868 = 4*l - 0*l + 4*t, 12 = m*t. Is l composite?
True
Let r = -24 + 68. Let o be (-42)/(-11) - (-8)/r. Suppose -2*k = -o*k + 38. Is k a composite number?
False
Suppose 0 = -4*j - 36 - 4. Is ((-5588)/110)/(4/j) composite?
False
Suppose 45*r - 49*r = 0. Suppose r*a - 4*x - 430 = -2*a, 3*x + 211 = a. Is a prime?
True
Suppose -8*y - 9731 + 76027 = 0. Is y a prime number?
True
Is (2 - (-10515)/12) + 10/(-8) prime?
True
Let v = 140 + 2055. Is v prime?
False
Let y(i) = i**3 + 13*i**2 + 15*i - 6. Suppose 7*c = 43 - 120. Is y(c) prime?
True
Let v = -844 + 88. Let b be (-2 + 1)/((-1)/(-494)). Let l = b - v. Is l prime?
False
Let u = -12436 + 21963. Is u a prime number?
False
Suppose -4*l - 16 = 2*a + 2*a, -2 = 2*a - l. Suppose 9*t - 11*t + 4 = 0. Is t - (a - (155 + 2)) a composite number?
True
Let m = -1019 + 34122. Is m composite?
True
Suppose -32*y = -26*y - 153366. Is y a composite number?
False
Suppose -o = 3, -d - 3*o - 386 = -2751. Is d a composite number?
True
Let f(g) = -2*g**3 + 2*g**2 - 2*g + 1. Let a be f(1). Is 10175/2 - a - 6/4 a composite number?
False
Let j(c) = -10*c - 55. Let g be j(-7). Suppose 0 = -37*r + g*r + 20834. Is r a composite number?
False
Let y be 4/(-1)*(0 + -6). Let l = y - 14. Suppose -9*d - 59 = -l*d. Is d prime?
True
Let g = 19 + -17. Suppose -g*f = -f - 3. Suppose 0 = -2*i + f*i - 46. Is i composite?
True
Let s be 467/5 + (-15)/(-25). Let p be (s/(-4))/((-3)/6). Let y = p + 44. Is y a composite number?
True
Let v(w) = w**3 - 3*w**2 - 9*w - 5. Let g be v(5). Is ((-988)/(g - -2))/(-2) a composite number?
True
Let x(c) = c**2 + 2*c - 3.